is the highest common divisor of x and 4264?
104
Let b be (14/21)/((-52)/(-15) + -4)*-644. What is the greatest common factor of 3703 and b?
161
Suppose -4*b + 35 = 5*n, -2*n = -2*b + 12 - 8. Suppose -12 = -n*h, s - 5*h - 2 = 22. Calculate the highest common divisor of 1320 and s.
44
Let b = -6545 - -6581. Calculate the highest common factor of b and 4068.
36
Let f = 4212 - 3732. Calculate the highest common divisor of 1080 and f.
120
Let y be (1 - (-272 + -5))/(10/(-15)). Let x = 448 + y. What is the greatest common divisor of x and 2?
1
Suppose -22348 = -174*u + 26*u + 1332. What is the greatest common factor of 4704 and u?
32
Let o(y) = 9*y - 1. Let z be o(4). Let g be (45/(-12) - -3)*(-220)/33. What is the highest common divisor of g and z?
5
Let u = -194 + 197. Let q be 392/u - ((-24)/9)/(-4). What is the greatest common factor of q and 195?
65
Let l = -22 - -31. Suppose s = -5, -5*o - 3*s = 12 - 7. Suppose q - 5*j = -2, q - 62 = -2*q - o*j. What is the greatest common divisor of l and q?
9
Suppose -50*f = -20*f - 510. Let w be (-15 + f)/(4/150). Calculate the greatest common factor of w and 10.
5
Let d(i) = -i**2 - 21*i - 16. Let j be d(-15). Let x = 46 - j. Let z = x - -42. Calculate the greatest common factor of z and 98.
14
Suppose 83512 = 127*r + 19*r. Suppose 60 = 2*g - 116. What is the greatest common divisor of r and g?
44
Let y(t) = t**2 - 11*t - 53. Let j be y(-11). Suppose j - 13 = 44*q. Suppose -132 = -2*f - f. What is the highest common factor of f and q?
4
Let v = 29 + -105. Let r(g) = 4*g**3 - 43*g**2 + 38*g + 5. Let x be r(10). Let c = x + v. What is the greatest common divisor of 9 and c?
9
Let c = 2551 - 734. Calculate the greatest common divisor of c and 316.
79
Let p(j) = 2*j**3 - 4*j**2 - 114*j + 1138. Let q be p(10). Calculate the greatest common divisor of q and 85.
17
Let d(t) be the first derivative of -t**3/3 - 11*t**2 + 118*t - 129. Let l be d(-26). What is the greatest common factor of 224 and l?
14
Let o = -3966 + 4191. Calculate the highest common divisor of o and 240.
15
Let a be 32/(-10)*(-45)/(-27)*(164 + -173). Suppose 299 = 4*k - 149. Calculate the greatest common factor of k and a.
16
Let t(o) = o**3 - 42*o**2 - 90*o + 199. Let j be t(44). What is the highest common factor of j and 2923?
37
Let d = 5507 + -5480. Let v = -39 - -61. Suppose -3*f + 5 = -v. Calculate the greatest common divisor of d and f.
9
Suppose -17*j - 7*j = -96. Suppose 0 = j*t + t - 210. Calculate the highest common factor of t and 42.
42
Let z = 4895 + -4882. Suppose -2*m + 2*f = -f - 711, 0 = -3*m + 2*f + 1059. Calculate the highest common factor of z and m.
13
Suppose -11*n - 8 = -9*n, 0 = -2*v - 4*n + 1944. What is the greatest common factor of 20 and v?
20
Let n be (4*1)/(4/26). Suppose 0 = 16*q - 7*q - 45. Suppose -3*w + 4*m = -874, 401 = 4*w - q*m - 763. Calculate the highest common divisor of w and n.
26
Let i(m) = 4 + 9*m + 34 + 1034*m**2 + 15 - 1035*m**2. Let a be i(-4). Suppose 3*g - 10 = -1. Calculate the greatest common factor of a and g.
1
Suppose -4*b - 1710 = -0*k - 3*k, -2*k = -4. Let r = b + 494. What is the greatest common divisor of r and 12?
4
Let x be (726/(-484))/((-2)/28). Suppose 0 = -3*b - 0*b + 3*s + 39, 0 = -4*b + 5*s + 56. What is the greatest common factor of x and b?
3
Suppose -384*r + 264040 + 127640 = 0. What is the greatest common divisor of 1173 and r?
51
Suppose 0 = 5*r - 2*r - 138. Suppose r = 10*w + 1266. Let u = -62 - w. Calculate the greatest common factor of 15 and u.
15
Let s(a) = 104*a**2 + 40*a + 15. Let b be s(-5). What is the greatest common factor of 15 and b?
15
Suppose 6*y + 5*p = 10*p + 22525, -5*p - 18765 = -5*y. What is the highest common divisor of y and 200?
40
Let s be (-113)/(-226) - ((-6)/(-7))/((-4)/17647). What is the greatest common factor of s and 496?
62
Let v = 46 - 32. Let k be (2/6)/(v/756). Let f be (-27)/k*2/(-9)*33. What is the greatest common divisor of f and 99?
11
Let s = -2335 - -2595. Calculate the greatest common divisor of s and 416.
52
Let q(z) = -2*z**3 + 36*z**2 + 4*z - 9. Let m be q(18). Let w be 1 + (0 - 0)/3. Let a be -26*(-1)/w + 1. What is the highest common divisor of a and m?
9
Suppose -5*b + 14438 = p + 1141, 0 = 4*p + 12. Calculate the greatest common factor of 608 and b.
76
Let m = -6107 - -6303. What is the greatest common factor of m and 175?
7
Suppose 9*y = 2*y + 1029. Suppose 5*d - 57*d + 2184 = 0. Calculate the highest common divisor of d and y.
21
Let l(o) = -10*o - 6. Let p be l(-1). Suppose -3*r + a + 190 = 0, r - 4 = -p*a + 68. What is the greatest common divisor of 8 and r?
8
Suppose 178*c + 152*c = 9240. What is the highest common divisor of 316 and c?
4
Let z be 818/6 - 2/6. Let k = -650 + 695. Suppose -24*l = -k*l + 357. What is the highest common divisor of l and z?
17
Let v be 84 + -15 + (-12)/4. Let o be 0/1 - (2 + -10). Let q be (o/12)/((-2)/(-18)). Calculate the greatest common divisor of v and q.
6
Let j(x) = 216*x + 1956. Let w be j(-9). Let y(p) = p**2 - 2*p + 3. Let d be y(9). What is the highest common divisor of d and w?
6
Let m = 334 + -340. Let u be -52*(0 - m - 7). What is the greatest common factor of u and 182?
26
Let f = -11255 + 11913. Calculate the greatest common factor of 2726 and f.
94
Let t = 34 - 32. Suppose -t*i - 2*i = -8, 4*a = -5*i + 410. Calculate the greatest common divisor of 40 and a.
20
Let l = 4358 - 4331. Calculate the greatest common factor of l and 1035.
9
Suppose 4*w + 183 = 4*w + 3*w - 5*y, 5*y = 0. What is the highest common divisor of w and 6527?
61
Suppose -10*x + 39168 + 32812 = 18920. Calculate the highest common factor of 14 and x.
14
Let u be (165 + -1039)/((-2)/(-4)*-1). Calculate the highest common divisor of 228 and u.
76
Suppose -147*r + 15694 = -109*r. What is the greatest common factor of 590 and r?
59
Let g be 2/((-6)/(-429)) - -3. Let t = -98 + g. Suppose 24*y + 5*f = 26*y - 19, -5*y = 4*f - 64. Calculate the highest common factor of y and t.
12
Let x be 1/(5 + 126/(-24)). Let c(t) = 19*t**2 - 2*t + 7. Let y be c(x). What is the highest common factor of 11 and y?
11
Suppose 2*q - 6*q = -96. Let m(r) = -58*r + 6 + 32*r - 9 + 13. Let w be m(-1). What is the greatest common factor of q and w?
12
Let y = 3696 - 3462. Calculate the greatest common divisor of y and 159.
3
Let s = 962 - -4292. What is the greatest common divisor of s and 222?
74
Let q = 7866 - 7722. What is the highest common factor of q and 3424?
16
Let h = -16 - -18. Suppose 4*l = -h*m + 694, 5*l - 6*m = -4*m + 872. Calculate the greatest common divisor of 6 and l.
6
Let j be -2*(115/10 - -2). Let q be (-195)/j + 12/(-54). Let x(f) = -f**3 + 8*f**2 - 5*f + 1. Let z be x(q). Calculate the greatest common factor of 3 and z.
3
Suppose 120*c - 42*c = 1716. Suppose -22*n = -4943 + 1313. What is the highest common divisor of n and c?
11
Let b be -12*27/(-48)*32/12. What is the highest common factor of 2196 and b?
18
Let u be 11/(33/105) + -3. Calculate the highest common divisor of u and 144.
16
Let i(x) = -x**2 + 11*x + 5. Let n be -3 + ((-9)/(-2))/((-15)/(-40)). Let f be i(n). Calculate the highest common divisor of f and 621.
23
Suppose -108*k + 116*k = 416. Suppose 0 = -3*j - 4*a + k, -2*j + 4*a = -3*j + 4. What is the greatest common factor of 384 and j?
24
Let r = 104 + -149. Let f be -42*8/(-18)*3. Let y = r + f. What is the greatest common divisor of 88 and y?
11
Suppose -5*j - 4*u + 57 = -0*u, 0 = -5*u - 10. Suppose -5*b - 227 = -1072. Calculate the highest common factor of b and j.
13
Suppose s = 505*t - 506*t + 36, 5*t + 3*s - 180 = 0. Suppose -3*f + 1677 = 3*r, 2*r - 2792 = -3*r - 2*f. What is the greatest common divisor of t and r?
18
Let c(n) = n**3 - 7*n**2 + 27. Let f be c(7). Suppose 0 = 2*h - 39 + 11. Let x = h - 11. What is the greatest common divisor of x and f?
3
Let t = -483 - -748. Calculate the highest common divisor of t and 2173.
53
Let j(w) = -301*w - 148. Let b be j(-1). Calculate the greatest common factor of b and 6273.
153
Let k(t) = -10*t + 15*t**2 - 10 + 3 + t**3 + 22*t. Let l be k(-14). What is the greatest common factor of l and 63?
21
Suppose 175 - 1185 = -2*s - 2*a, -495 = -s - 3*a. Let p = 525 - s. What is the highest common factor of p and 80?
5
Let b = -60 - -69. Let h(d) = d - 7 +